{"version":"1.0","provider_name":"Real Club de Golf El Prat - Barcelona","provider_url":"https:\/\/www.realclubdegolfelprat.com\/ca\/","title":"Brillante actuaci\u00f3n de la cantera de la FCG en La Manga Club con muy buenos resultados de Clara Felip, Maximilian-Tomas Cafrey y Marcel Fonseca - Real Club de Golf El Prat - Barcelona","type":"rich","width":600,"height":338,"html":"<blockquote class=\"wp-embedded-content\" data-secret=\"DGu1B14Dgq\"><a href=\"https:\/\/www.realclubdegolfelprat.com\/ca\/noticies\/lamanga2018\/\">Brillante actuaci\u00f3n de la cantera de la FCG en La Manga Club con muy buenos resultados de Clara Felip, Maximilian-Tomas Cafrey y Marcel Fonseca<\/a><\/blockquote><iframe sandbox=\"allow-scripts\" security=\"restricted\" src=\"https:\/\/www.realclubdegolfelprat.com\/ca\/noticies\/lamanga2018\/embed\/#?secret=DGu1B14Dgq\" width=\"600\" height=\"338\" title=\"&#8220;Brillante actuaci\u00f3n de la cantera de la FCG en La Manga Club con muy buenos resultados de Clara Felip, Maximilian-Tomas Cafrey y Marcel Fonseca&#8221; &#8212; Real Club de Golf El Prat - Barcelona\" data-secret=\"DGu1B14Dgq\" frameborder=\"0\" marginwidth=\"0\" marginheight=\"0\" scrolling=\"no\" class=\"wp-embedded-content\"><\/iframe><script type=\"text\/javascript\">\n\/* <![CDATA[ *\/\n\/*! This file is auto-generated *\/\n!function(d,l){\"use strict\";l.querySelector&&d.addEventListener&&\"undefined\"!=typeof URL&&(d.wp=d.wp||{},d.wp.receiveEmbedMessage||(d.wp.receiveEmbedMessage=function(e){var t=e.data;if((t||t.secret||t.message||t.value)&&!\/[^a-zA-Z0-9]\/.test(t.secret)){for(var s,r,n,a=l.querySelectorAll('iframe[data-secret=\"'+t.secret+'\"]'),o=l.querySelectorAll('blockquote[data-secret=\"'+t.secret+'\"]'),c=new RegExp(\"^https?:$\",\"i\"),i=0;i<o.length;i++)o[i].style.display=\"none\";for(i=0;i<a.length;i++)s=a[i],e.source===s.contentWindow&&(s.removeAttribute(\"style\"),\"height\"===t.message?(1e3<(r=parseInt(t.value,10))?r=1e3:~~r<200&&(r=200),s.height=r):\"link\"===t.message&&(r=new URL(s.getAttribute(\"src\")),n=new URL(t.value),c.test(n.protocol))&&n.host===r.host&&l.activeElement===s&&(d.top.location.href=t.value))}},d.addEventListener(\"message\",d.wp.receiveEmbedMessage,!1),l.addEventListener(\"DOMContentLoaded\",function(){for(var e,t,s=l.querySelectorAll(\"iframe.wp-embedded-content\"),r=0;r<s.length;r++)(t=(e=s[r]).getAttribute(\"data-secret\"))||(t=Math.random().toString(36).substring(2,12),e.src+=\"#?secret=\"+t,e.setAttribute(\"data-secret\",t)),e.contentWindow.postMessage({message:\"ready\",secret:t},\"*\")},!1)))}(window,document);\n\/\/# sourceURL=https:\/\/www.realclubdegolfelprat.com\/wp-includes\/js\/wp-embed.min.js\n\/* ]]> *\/\n<\/script>\n","thumbnail_url":"https:\/\/www.realclubdegolfelprat.com\/wp-content\/uploads\/2018\/06\/ClaraFelip.jpg","thumbnail_width":300,"thumbnail_height":197,"description":"El Campeonato de Espa\u00f1a Infantil, Alev\u00edn y Benjam\u00edn 2018 finaliz\u00f3 en La Manga Club, dejando un magn\u00edfico resultado para las j\u00f3venes promesas del golf catal\u00e1n, que estuvieron en las primeras posiciones en todas las clasificaciones. Aunque en el buen trabajo de todos los jugadores y jugadora.."}

Brillante actuación de la cantera de la FCG en La Manga Club con muy buenos resultados de Clara Felip, Maximilian-Tomas Cafrey y Marcel Fonseca - Real Club de Golf El Prat - Barcelona

<blockquote class="wp-embedded-content" data-secret="DGu1B14Dgq"><a href="https://www.realclubdegolfelprat.com/ca/noticies/lamanga2018/">Brillante actuación de la cantera de la FCG en La Manga Club con muy buenos resultados de Clara Felip, Maximilian-Tomas Cafrey y Marcel Fonseca</a></blockquote><iframe sandbox="allow-scripts" security="restricted" src="https://www.realclubdegolfelprat.com/ca/noticies/lamanga2018/embed/#?secret=DGu1B14Dgq" width="600" height="338" title="&#8220;Brillante actuación de la cantera de la FCG en La Manga Club con muy buenos resultados de Clara Felip, Maximilian-Tomas Cafrey y Marcel Fonseca&#8221; &#8212; Real Club de Golf El Prat - Barcelona" data-secret="DGu1B14Dgq" frameborder="0" marginwidth="0" marginheight="0" scrolling="no" class="wp-embedded-content"></iframe><script type="text/javascript">
/* <![CDATA[ */
/*! This file is auto-generated */
!function(d,l){"use strict";l.querySelector&&d.addEventListener&&"undefined"!=typeof URL&&(d.wp=d.wp||{},d.wp.receiveEmbedMessage||(d.wp.receiveEmbedMessage=function(e){var t=e.data;if((t||t.secret||t.message||t.value)&&!/[^a-zA-Z0-9]/.test(t.secret)){for(var s,r,n,a=l.querySelectorAll('iframe[data-secret="'+t.secret+'"]'),o=l.querySelectorAll('blockquote[data-secret="'+t.secret+'"]'),c=new RegExp("^https?:$","i"),i=0;i<o.length;i++)o[i].style.display="none";for(i=0;i<a.length;i++)s=a[i],e.source===s.contentWindow&&(s.removeAttribute("style"),"height"===t.message?(1e3<(r=parseInt(t.value,10))?r=1e3:~~r<200&&(r=200),s.height=r):"link"===t.message&&(r=new URL(s.getAttribute("src")),n=new URL(t.value),c.test(n.protocol))&&n.host===r.host&&l.activeElement===s&&(d.top.location.href=t.value))}},d.addEventListener("message",d.wp.receiveEmbedMessage,!1),l.addEventListener("DOMContentLoaded",function(){for(var e,t,s=l.querySelectorAll("iframe.wp-embedded-content"),r=0;r<s.length;r++)(t=(e=s[r]).getAttribute("data-secret"))||(t=Math.random().toString(36).substring(2,12),e.src+="#?secret="+t,e.setAttribute("data-secret",t)),e.contentWindow.postMessage({message:"ready",secret:t},"*")},!1)))}(window,document);
//# sourceURL=https://www.realclubdegolfelprat.com/wp-includes/js/wp-embed.min.js
/* ]]> */
</script>

El Campeonato de España Infantil, Alevín y Benjamín 2018 finalizó en La Manga Club, dejando un magnífico resultado para las jóvenes promesas del golf catalán, que estuvieron en las primeras posiciones en todas las clasificaciones. Aunque en el buen trabajo de todos los jugadores y jugadora..
